{"id":1150,"date":"2022-10-20T20:52:41","date_gmt":"2022-10-20T18:52:41","guid":{"rendered":"http:\/\/ludieblume.ravii.de\/?page_id=1150"},"modified":"2022-10-29T22:21:05","modified_gmt":"2022-10-29T20:21:05","slug":"barf","status":"publish","type":"page","link":"https:\/\/barfwiese.ludieblume.de\/","title":{"rendered":"Willkommen!"},"content":{"rendered":"\n<h2 class=\"has-text-align-center\" style=\"font-style:normal;font-weight:700\">Wer oder Was ist das hier?<\/h2>\n\n\n\n<div style=\"height:20px\" aria-hidden=\"true\" class=\"wp-block-spacer\"><\/div>\n\n\n\n<div class=\"wp-container-2 wp-block-columns\">\n<div class=\"wp-container-1 wp-block-column\" style=\"flex-basis:100%\">\n<div class=\"wp-block-media-text alignwide is-stacked-on-mobile\" style=\"grid-template-columns:52% auto\"><figure class=\"wp-block-media-text__media\"><img loading=\"lazy\" width=\"1024\" height=\"683\" src=\"http:\/\/barfwiese.ludieblume.de\/wp-content\/uploads\/2022\/10\/RVI_1988-1-1024x683.jpg\" alt=\"\" class=\"wp-image-1211 size-full\" srcset=\"https:\/\/barfwiese.ludieblume.de\/wp-content\/uploads\/2022\/10\/RVI_1988-1-1024x683.jpg 1024w, https:\/\/barfwiese.ludieblume.de\/wp-content\/uploads\/2022\/10\/RVI_1988-1-300x200.jpg 300w, https:\/\/barfwiese.ludieblume.de\/wp-content\/uploads\/2022\/10\/RVI_1988-1-768x512.jpg 768w, https:\/\/barfwiese.ludieblume.de\/wp-content\/uploads\/2022\/10\/RVI_1988-1-1536x1024.jpg 1536w, https:\/\/barfwiese.ludieblume.de\/wp-content\/uploads\/2022\/10\/RVI_1988-1-405x270.jpg 405w\" sizes=\"(max-width: 1024px) 100vw, 1024px\" \/><\/figure><div class=\"wp-block-media-text__content\">\n<p class=\"has-text-align-justify\" style=\"font-size:18px\">Nun\u2026 Ich bin die Lu &amp; besch\u00e4ftige mich seit Ende 2021 mit dem Barfen. Es ist ein Hobby von mir geworden, was mir wirklich viel Spa\u00df macht &amp; mir gleichzeitig eine bessere Gewissheit bringt, welcher Inhalt im Hundenapf landet.<\/p>\n\n\n\n<p style=\"font-size:16px\">Die Wuffel-Dame im Bild hei\u00dft Merida,        Foto von Ravii.<\/p>\n<\/div><\/div>\n\n\n\n<p class=\"has-text-align-justify\" style=\"font-size:18px\">Ich selbst betone einmal ausdr\u00fccklich, dass ich keine Expertin in diesem Gebiet bin, aber ich gebe mir jegliche M\u00fchen, mich weiter zu bilden &amp; wenn n\u00f6tig, ein eigenes Bild aus verschiedensten Meinungen zu bilden.<\/p>\n<\/div>\n<\/div>\n\n\n\n<hr class=\"wp-block-separator aligncenter has-alpha-channel-opacity is-style-default\"\/>\n\n\n\n<h2 class=\"has-text-align-center\">Ist doch zu kompliziert?!<\/h2>\n\n\n\n<div style=\"height:20px\" aria-hidden=\"true\" class=\"wp-block-spacer\"><\/div>\n\n\n\n<p class=\"has-text-align-justify\">Einige Hundehalter, die ich unter anderem auch kenne, finden das Barfen zu kompliziert. Das hat allerdings verschiedene Gr\u00fcnde. Die gr\u00f6\u00dfte H\u00fcrde, die ich hierbei sehe, ist der Aufwand zur Beschaffung von Informationen &amp; hier komm ich mit meiner Seite ins Spiel. Ich fand w\u00e4hrend meiner Recherche (auch heute noch) nie etwas nur auf einer einzigen Seite oder man bekommt schnell das Problem, dass sich die Meinungen oftmals unterscheiden. Mich pers\u00f6nlich macht das Fuchsteufelswild, da ich so viele Seiten schon durchk\u00e4mmt habe &amp; ich immer zusehen musste zwischen A und B zu w\u00e4hlen oder ein Mittelding zu finden, was am Ende nat\u00fcrlich meinem Hund gut tun sollte.<\/p>\n\n\n\n<hr class=\"wp-block-separator has-alpha-channel-opacity\"\/>\n\n\n\n<h2 class=\"has-text-align-center\">Ziel dieser Seite!<\/h2>\n\n\n\n<div style=\"height:20px\" aria-hidden=\"true\" class=\"wp-block-spacer\"><\/div>\n\n\n\n<p class=\"has-text-align-justify\">Mein Ziel ist hiermit nun, euch Allgemein alle Informationen zusammenzutragen, die ich zu den verschiedensten Themen finden konnte &amp; ihr somit nicht mehr alles zusammen suchen m\u00fcsst.<\/p>\n\n\n\n<p class=\"has-text-align-justify\">Da sich die Zeit st\u00e4ndig weiter nach vorne dreht, ist es mir umso wichtiger, dass wir uns hier gegenseitig unterst\u00fctzen k\u00f6nnen. Weitere Studien, Informationen oder eigene Erfahrungswerte, die neue Erkenntnisse in der BARF-Ern\u00e4hrung bringen, sind hier gerne gesehen und helfen ungemein!<\/p>\n\n\n\n<div style=\"height:20px\" aria-hidden=\"true\" class=\"wp-block-spacer\"><\/div>\n\n\n\n<h3 class=\"has-text-align-center\"><strong>Ich w\u00fcnsche euch viel Spa\u00df beim Lesen &amp; hoffe, dass es euch weiterhelfen kann!<\/strong><\/h3>\n","protected":false},"excerpt":{"rendered":"<p>Wer oder Was ist das hier? Nun\u2026 Ich bin die Lu &amp; besch\u00e4ftige mich seit Ende 2021 mit dem Barfen. Es ist ein Hobby von mir geworden, was mir wirklich viel Spa\u00df macht &amp; mir gleichzeitig eine bessere Gewissheit bringt, welcher Inhalt im Hundenapf landet. Die Wuffel-Dame im Bild hei\u00dft Merida, Foto von Ravii. Ich &hellip; <\/p>\n<p class=\"link-more\"><a href=\"https:\/\/barfwiese.ludieblume.de\/\" class=\"more-link\">Mehr <span class=\"screen-reader-text\">\u00fcber &#8222;Willkommen!&#8220; <\/span>Lesen<\/a><\/p>\n","protected":false},"author":3,"featured_media":0,"parent":0,"menu_order":0,"comment_status":"closed","ping_status":"closed","template":"","meta":[],"uagb_featured_image_src":{"full":false,"thumbnail":false,"medium":false,"medium_large":false,"large":false,"1536x1536":false,"2048x2048":false,"inspiro-featured-image":false,"inspiro-loop":false,"inspiro-loop@2x":false},"uagb_author_info":{"display_name":"Lu Blume","author_link":"https:\/\/barfwiese.ludieblume.de\/index.php\/author\/ludieblume\/"},"uagb_comment_info":0,"uagb_excerpt":"Wer oder Was ist das hier? Nun\u2026 Ich bin die Lu &amp; besch\u00e4ftige mich seit Ende 2021 mit dem Barfen. Es ist ein Hobby von mir geworden, was mir wirklich viel Spa\u00df macht &amp; mir gleichzeitig eine bessere Gewissheit bringt, welcher Inhalt im Hundenapf landet. Die Wuffel-Dame im Bild hei\u00dft Merida, Foto von Ravii. Ich&hellip;","_links":{"self":[{"href":"https:\/\/barfwiese.ludieblume.de\/index.php\/wp-json\/wp\/v2\/pages\/1150"}],"collection":[{"href":"https:\/\/barfwiese.ludieblume.de\/index.php\/wp-json\/wp\/v2\/pages"}],"about":[{"href":"https:\/\/barfwiese.ludieblume.de\/index.php\/wp-json\/wp\/v2\/types\/page"}],"author":[{"embeddable":true,"href":"https:\/\/barfwiese.ludieblume.de\/index.php\/wp-json\/wp\/v2\/users\/3"}],"replies":[{"embeddable":true,"href":"https:\/\/barfwiese.ludieblume.de\/index.php\/wp-json\/wp\/v2\/comments?post=1150"}],"version-history":[{"count":11,"href":"https:\/\/barfwiese.ludieblume.de\/index.php\/wp-json\/wp\/v2\/pages\/1150\/revisions"}],"predecessor-version":[{"id":1240,"href":"https:\/\/barfwiese.ludieblume.de\/index.php\/wp-json\/wp\/v2\/pages\/1150\/revisions\/1240"}],"wp:attachment":[{"href":"https:\/\/barfwiese.ludieblume.de\/index.php\/wp-json\/wp\/v2\/media?parent=1150"}],"curies":[{"name":"wp","href":"https:\/\/api.w.org\/{rel}","templated":true}]}}