{"id":1356,"date":"2022-11-08T20:53:06","date_gmt":"2022-11-08T19:53:06","guid":{"rendered":"http:\/\/barfwiese.ludieblume.de\/?page_id=1356"},"modified":"2023-10-19T20:22:28","modified_gmt":"2023-10-19T18:22:28","slug":"calcium-quellen","status":"publish","type":"page","link":"https:\/\/barfwiese.ludieblume.de\/index.php\/calcium-quellen\/","title":{"rendered":"Calcium-Quellen"},"content":{"rendered":"\t\t<div data-elementor-type=\"wp-page\" data-elementor-id=\"1356\" class=\"elementor elementor-1356\">\n\t\t\t\t\t\t\t\t\t<section class=\"elementor-section elementor-top-section elementor-element elementor-element-43b9c1c elementor-section-boxed elementor-section-height-default elementor-section-height-default\" data-id=\"43b9c1c\" data-element_type=\"section\">\n\t\t\t\t\t\t<div class=\"elementor-container elementor-column-gap-default\">\n\t\t\t\t\t<div class=\"elementor-column elementor-col-100 elementor-top-column elementor-element elementor-element-4659e43\" data-id=\"4659e43\" data-element_type=\"column\">\n\t\t\t<div class=\"elementor-widget-wrap elementor-element-populated\">\n\t\t\t\t\t\t\t\t<div class=\"elementor-element elementor-element-8e4c3e2 elementor-widget elementor-widget-text-editor\" data-id=\"8e4c3e2\" data-element_type=\"widget\" data-widget_type=\"text-editor.default\">\n\t\t\t\t<div class=\"elementor-widget-container\">\n\t\t\t<style>\/*! elementor - v3.8.0 - 30-10-2022 *\/\n.elementor-widget-text-editor.elementor-drop-cap-view-stacked .elementor-drop-cap{background-color:#818a91;color:#fff}.elementor-widget-text-editor.elementor-drop-cap-view-framed .elementor-drop-cap{color:#818a91;border:3px solid;background-color:transparent}.elementor-widget-text-editor:not(.elementor-drop-cap-view-default) .elementor-drop-cap{margin-top:8px}.elementor-widget-text-editor:not(.elementor-drop-cap-view-default) .elementor-drop-cap-letter{width:1em;height:1em}.elementor-widget-text-editor .elementor-drop-cap{float:left;text-align:center;line-height:1;font-size:50px}.elementor-widget-text-editor .elementor-drop-cap-letter{display:inline-block}<\/style>\t\t\t\t<p>Nicht jeder Hund vertr\u00e4gt\u00a0<strong>R<\/strong>ohe\u00a0<strong>F<\/strong>leischige\u00a0<strong>K<\/strong>nochen &amp; auch nicht jeder Mensch f\u00fchlt sich wohl dabei seinem Hund Knochen zu f\u00fcttern. Daher gibt es verschiedene M\u00f6glichkeiten seinem Hund, dennoch das wichtige Calcium zuzuf\u00fchren.<\/p>\t\t\t\t\t\t<\/div>\n\t\t\t\t<\/div>\n\t\t\t\t<section class=\"elementor-section elementor-inner-section elementor-element elementor-element-e981bc6 elementor-section-boxed elementor-section-height-default elementor-section-height-default\" data-id=\"e981bc6\" data-element_type=\"section\">\n\t\t\t\t\t\t<div class=\"elementor-container elementor-column-gap-default\">\n\t\t\t\t\t<div class=\"elementor-column elementor-col-50 elementor-inner-column elementor-element elementor-element-8c06460\" data-id=\"8c06460\" data-element_type=\"column\">\n\t\t\t<div class=\"elementor-widget-wrap elementor-element-populated\">\n\t\t\t\t\t\t\t\t<div class=\"elementor-element elementor-element-e3cd437 elementor-widget__width-initial elementor-widget elementor-widget-heading\" data-id=\"e3cd437\" data-element_type=\"widget\" data-widget_type=\"heading.default\">\n\t\t\t\t<div class=\"elementor-widget-container\">\n\t\t\t<style>\/*! elementor - v3.8.0 - 30-10-2022 *\/\n.elementor-heading-title{padding:0;margin:0;line-height:1}.elementor-widget-heading .elementor-heading-title[class*=elementor-size-]>a{color:inherit;font-size:inherit;line-height:inherit}.elementor-widget-heading .elementor-heading-title.elementor-size-small{font-size:15px}.elementor-widget-heading .elementor-heading-title.elementor-size-medium{font-size:19px}.elementor-widget-heading .elementor-heading-title.elementor-size-large{font-size:29px}.elementor-widget-heading .elementor-heading-title.elementor-size-xl{font-size:39px}.elementor-widget-heading .elementor-heading-title.elementor-size-xxl{font-size:59px}<\/style><h2 class=\"elementor-heading-title elementor-size-default\">Rohe Fleischige Knochen<\/h2>\t\t<\/div>\n\t\t\t\t<\/div>\n\t\t\t\t<div class=\"elementor-element elementor-element-8a8a211 elementor-widget elementor-widget-text-editor\" data-id=\"8a8a211\" data-element_type=\"widget\" data-widget_type=\"text-editor.default\">\n\t\t\t\t<div class=\"elementor-widget-container\">\n\t\t\t\t\t\t\t<p>Den gr\u00f6\u00dften Vorteil den Knochen nunmal haben ist die optimale Versorgung an biologischen Stoffen in einer nat\u00fcrlich ausgewogenen Menge. Gerade im Wachstum ist es eigentlich unumg\u00e4nglich.<\/p><ul><li>keine tragenden o. sehr massiven Knochen im Ganzen &#8211;<br \/>Verletzungsgefahr durch splittern oder Zahnfrakturen<\/li><li>keine gekochten Knochen &#8211; auch hier besteht hohe Splittergefahr<\/li><li>lieber Knochen verwenden, die noch Fleisch dran haben &#8211; regt die Verdauung besser an<\/li><li>gewolft ist auch eine gute Option, wenn man Bedenken bei ganzen Knochen hat<\/li><\/ul>\t\t\t\t\t\t<\/div>\n\t\t\t\t<\/div>\n\t\t\t\t<div class=\"elementor-element elementor-element-ab4f8b3 elementor-widget__width-initial elementor-widget elementor-widget-heading\" data-id=\"ab4f8b3\" data-element_type=\"widget\" data-widget_type=\"heading.default\">\n\t\t\t\t<div class=\"elementor-widget-container\">\n\t\t\t<h2 class=\"elementor-heading-title elementor-size-default\">Knochenmehl\n<\/h2>\t\t<\/div>\n\t\t\t\t<\/div>\n\t\t\t\t<div class=\"elementor-element elementor-element-aa4aa67 elementor-widget elementor-widget-text-editor\" data-id=\"aa4aa67\" data-element_type=\"widget\" data-widget_type=\"text-editor.default\">\n\t\t\t\t<div class=\"elementor-widget-container\">\n\t\t\t\t\t\t\t<p>Zu beachten gilt, dass der Calcium-Anteil den Phosphor-Anteil sehr \u00fcberwiegt! Ein zu hoher Phosphor-Anteil w\u00fcrde \u00fcber l\u00e4ngere Zeit zu Nieren Problemen f\u00fchren. Achte auch darauf, dass du ein sortenreines Pulver kaufst &#8211; d.h. von einem einzigen Tier<\/p><ul><li>es gibt Fleischknochenmehl, wie der Name schon sagt ist dort ein geringer Fleischanteil dabei<\/li><li>es gibt auch Knochenmehl, was wiederum aus reinen Knochen besteht<\/li><\/ul>\t\t\t\t\t\t<\/div>\n\t\t\t\t<\/div>\n\t\t\t\t<div class=\"elementor-element elementor-element-3bd7277 elementor-widget elementor-widget-heading\" data-id=\"3bd7277\" data-element_type=\"widget\" data-widget_type=\"heading.default\">\n\t\t\t\t<div class=\"elementor-widget-container\">\n\t\t\t<h2 class=\"elementor-heading-title elementor-size-default\">Eierschalenpulver<\/h2>\t\t<\/div>\n\t\t\t\t<\/div>\n\t\t\t\t<div class=\"elementor-element elementor-element-622d3b3 elementor-widget elementor-widget-text-editor\" data-id=\"622d3b3\" data-element_type=\"widget\" data-widget_type=\"text-editor.default\">\n\t\t\t\t<div class=\"elementor-widget-container\">\n\t\t\t\t\t\t\t<p>In Kombination mit Knochen oder Knochenpulver gut.<\/p><ul><li>alleinstehend ist der Phosphor-Anteil zu gering und kann auf Dauer schlecht sein<\/li><li>umso feiner gemahlen umso besser ist die Calciumaufnahme<\/li><\/ul>\t\t\t\t\t\t<\/div>\n\t\t\t\t<\/div>\n\t\t\t\t\t<\/div>\n\t\t<\/div>\n\t\t\t\t<div class=\"elementor-column elementor-col-50 elementor-inner-column elementor-element elementor-element-b6495ad\" data-id=\"b6495ad\" data-element_type=\"column\">\n\t\t\t<div class=\"elementor-widget-wrap\">\n\t\t\t\t\t\t\t\t\t<\/div>\n\t\t<\/div>\n\t\t\t\t\t\t\t<\/div>\n\t\t<\/section>\n\t\t\t\t\t<\/div>\n\t\t<\/div>\n\t\t\t\t\t\t\t<\/div>\n\t\t<\/section>\n\t\t\t\t\t\t\t<\/div>\n\t\t","protected":false},"excerpt":{"rendered":"<p>Nicht jeder Hund vertr\u00e4gt\u00a0Rohe\u00a0Fleischige\u00a0Knochen &amp; auch nicht jeder Mensch f\u00fchlt sich wohl dabei seinem Hund Knochen zu f\u00fcttern. Daher gibt es verschiedene M\u00f6glichkeiten seinem Hund, dennoch das wichtige Calcium zuzuf\u00fchren. Rohe Fleischige Knochen Den gr\u00f6\u00dften Vorteil den Knochen nunmal haben ist die optimale Versorgung an biologischen Stoffen in einer nat\u00fcrlich ausgewogenen Menge. Gerade im Wachstum &hellip; <\/p>\n<p class=\"link-more\"><a href=\"https:\/\/barfwiese.ludieblume.de\/index.php\/calcium-quellen\/\" class=\"more-link\">Mehr <span class=\"screen-reader-text\">\u00fcber &#8222;Calcium-Quellen&#8220; <\/span>Lesen<\/a><\/p>\n","protected":false},"author":3,"featured_media":0,"parent":0,"menu_order":0,"comment_status":"closed","ping_status":"closed","template":"","meta":[],"uagb_featured_image_src":{"full":false,"thumbnail":false,"medium":false,"medium_large":false,"large":false,"1536x1536":false,"2048x2048":false,"inspiro-featured-image":false,"inspiro-loop":false,"inspiro-loop@2x":false},"uagb_author_info":{"display_name":"Lu Blume","author_link":"https:\/\/barfwiese.ludieblume.de\/index.php\/author\/ludieblume\/"},"uagb_comment_info":0,"uagb_excerpt":"Nicht jeder Hund vertr\u00e4gt\u00a0Rohe\u00a0Fleischige\u00a0Knochen &amp; auch nicht jeder Mensch f\u00fchlt sich wohl dabei seinem Hund Knochen zu f\u00fcttern. Daher gibt es verschiedene M\u00f6glichkeiten seinem Hund, dennoch das wichtige Calcium zuzuf\u00fchren. Rohe Fleischige Knochen Den gr\u00f6\u00dften Vorteil den Knochen nunmal haben ist die optimale Versorgung an biologischen Stoffen in einer nat\u00fcrlich ausgewogenen Menge. Gerade im Wachstum&hellip;","_links":{"self":[{"href":"https:\/\/barfwiese.ludieblume.de\/index.php\/wp-json\/wp\/v2\/pages\/1356"}],"collection":[{"href":"https:\/\/barfwiese.ludieblume.de\/index.php\/wp-json\/wp\/v2\/pages"}],"about":[{"href":"https:\/\/barfwiese.ludieblume.de\/index.php\/wp-json\/wp\/v2\/types\/page"}],"author":[{"embeddable":true,"href":"https:\/\/barfwiese.ludieblume.de\/index.php\/wp-json\/wp\/v2\/users\/3"}],"replies":[{"embeddable":true,"href":"https:\/\/barfwiese.ludieblume.de\/index.php\/wp-json\/wp\/v2\/comments?post=1356"}],"version-history":[{"count":25,"href":"https:\/\/barfwiese.ludieblume.de\/index.php\/wp-json\/wp\/v2\/pages\/1356\/revisions"}],"predecessor-version":[{"id":1450,"href":"https:\/\/barfwiese.ludieblume.de\/index.php\/wp-json\/wp\/v2\/pages\/1356\/revisions\/1450"}],"wp:attachment":[{"href":"https:\/\/barfwiese.ludieblume.de\/index.php\/wp-json\/wp\/v2\/media?parent=1356"}],"curies":[{"name":"wp","href":"https:\/\/api.w.org\/{rel}","templated":true}]}}